{"id":2033,"date":"2025-11-19T02:15:15","date_gmt":"2025-11-18T23:15:15","guid":{"rendered":"https:\/\/7netbilisim.com\/?page_id=2033"},"modified":"2025-11-19T03:57:23","modified_gmt":"2025-11-19T00:57:23","slug":"bulut-yedekleme","status":"publish","type":"page","link":"https:\/\/7netbilisim.com\/index.php\/bulut-yedekleme\/","title":{"rendered":"Bulut Yedekleme"},"content":{"rendered":"\n<h4 style=\"text-align: center;\"><strong><img loading=\"lazy\" decoding=\"async\" class=\"alignnone  wp-image-2053\" src=\"https:\/\/7netbilisim.com\/wp-content\/uploads\/2025\/11\/narbulut-veri-yedekleme-300x82.webp\" alt=\"\" width=\"274\" height=\"75\" srcset=\"https:\/\/7netbilisim.com\/wp-content\/uploads\/2025\/11\/narbulut-veri-yedekleme-300x82.webp 300w, https:\/\/7netbilisim.com\/wp-content\/uploads\/2025\/11\/narbulut-veri-yedekleme.webp 512w\" sizes=\"auto, (max-width: 274px) 100vw, 274px\" \/><\/strong><\/h4>\n<h5 style=\"text-align: left;\"><strong>\u00a0 \u00a0 Bulut Yedekleme \u00c7\u00f6z\u00fcmleri<\/strong><\/h5>\n<ul style=\"list-style-type: disc;\">\n<li style=\"text-align: justify;\">Narbulut Backup Now ile t\u00fcm dosyalar\u0131n\u0131z\u0131 d\u00fczenli olarak yedekleyebilirsiniz.\u00a0<\/li>\n<li style=\"text-align: justify;\">Logo \u00e7\u00f6z\u00fcm geli\u015ftirme i\u015f ortaklar\u0131ndan Narbulut\u2019un geli\u015ftirdi\u011fi Bulut Yedekleme \u00e7\u00f6z\u00fcm\u00fc ile dosyalar\u0131n\u0131z\u0131, maillerinizi, SQL veri tabanlar\u0131n\u0131z\u0131 g\u00fcvenle yedekleyebilirsiniz.\u00a0<\/li>\n<li style=\"text-align: justify;\">Narbulut ilk g\u00f6nderimde verilerinizin tamam\u0131n\u0131 sonraki g\u00f6nderimlerde ise sadece de\u011fi\u015fen versiyonlar\u0131n\u0131 tutarak yedekler.\u00a0<\/li>\n<li style=\"text-align: justify;\">Herhangi bir sebeple verilerinize ihtiyac\u0131n\u0131z oldu\u011funda, Narbulut sayesinde uygulama veya web panel \u00fczerinden, her yerden ve g\u00fcvenli bir \u015fekilde verilerine eri\u015filebilirsiniz.\u00a0<\/li>\n<li style=\"text-align: justify;\">Web panel ve uygulama \u00fczerinden yedeklemelerinizi takip edebilir, kurum i\u00e7i ve d\u0131\u015f\u0131 kullan\u0131c\u0131lar ile dosyalar kolayl\u0131kla payla\u015f\u0131labilirsiniz.<\/li>\n<\/ul>\n<p>\u00a0<\/p>\n<h5><strong>\u00a0 \u00a0 Narbulut Yedekleme sisteminin avantajlar\u0131 nelerdir?\u00a0<\/strong><\/h5>\n<ul>\n<li style=\"text-align: justify;\">Donan\u0131m yat\u0131r\u0131m\u0131 gerektirmez. Belirli periyotlarda yedekleme plan\u0131 olu\u015fturabilirsiniz.<\/li>\n<li style=\"text-align: justify;\">Sabit dosya ve klas\u00f6rlerinizi kolayca ar\u015fivleyebilirsiniz.\u0130nternetin oldu\u011fu her yerden dosyalar\u0131n\u0131za g\u00fcvenli bir \u015fekilde eri\u015febilir, indirebilir, y\u00f6netebilirsiniz.<\/li>\n<li style=\"text-align: justify;\">Dosyalar\u0131n\u0131zdaki de\u011fi\u015fiklikler farkl\u0131 versiyonlar halinde yedeklenir.<\/li>\n<li style=\"text-align: justify;\">Donan\u0131mlar\u0131n\u0131z zarar g\u00f6rse veya kaybolsa bile, yedeklerinizden istedi\u011finiz versiyonu geri y\u00fckleyebilirsiniz.<\/li>\n<li style=\"text-align: justify;\">Dosyalar\u0131n\u0131z\u0131 payla\u015f\u0131m\u0131 \u00f6zelli\u011fi ile her ortamdan g\u00fcvenli ve kolayca d\u0131\u015f kullan\u0131c\u0131larla payla\u015fabilirsiniz.<\/li>\n<li style=\"text-align: justify;\">Sistem otomatik olarak \u00e7al\u0131\u015f\u0131r, i\u015flemler ile ilgili d\u00fczenli olarak mailler g\u00f6ndererek sizi bilgilendirir.<\/li>\n<li style=\"text-align: justify;\">Sisteme giri\u015f yapan kullan\u0131c\u0131lar\u0131n hangi i\u015flemleri yapt\u0131\u011f\u0131n\u0131 kontrol edebilirsiniz.<\/li>\n<li style=\"text-align: justify;\">\u0130htiya\u00e7 duydu\u011funuz kadar alan alabilir, gerekti\u011finde esnek olarak art\u0131rabilirsiniz.<\/li>\n<li style=\"text-align: justify;\">Yedeklerken \u00e7al\u0131\u015fman\u0131z\u0131 durdurulman\u0131za gerek kalmaz. \u00c7al\u0131\u015fmalar\u0131n\u0131z aksamaz. \u0130\u015finizde devaml\u0131l\u0131k sa\u011flar.<\/li>\n<\/ul>\n<h5><strong>\u00a0 \u00a0 Siber sald\u0131r\u0131lar ve veri kay\u0131plar\u0131na kar\u015f\u0131, al\u0131nmas\u0131 gereken \u00f6nlemler nelerdir?\u00a0<\/strong><\/h5>\n<ul>\n<li>\u00d6ncelikle ve mutlaka, veri yedekleme \u00e7\u00f6z\u00fcmleri kullanarak \u015firket verilerinizi d\u00fczenli olarak yedekleyin.<\/li>\n<li>Sunucu ve t\u00fcm bilgisayarlara lisansl\u0131 antivir\u00fcs programlar\u0131 kurun ve s\u00fcrekli olarak g\u00fcncelleyin.<\/li>\n<li>M\u00fcmk\u00fcn ise g\u00fcvenlik duvar\u0131 kullan\u0131n. Uzaktan ba\u011flant\u0131lar i\u00e7in IP k\u0131s\u0131tlamas\u0131 uygulay\u0131n.<\/li>\n<li>Wifi g\u00fcvenli\u011fini sa\u011flay\u0131n. \u015fifrelerinizi d\u00fczenli olarak de\u011fi\u015ftirin ve g\u00fc\u00e7l\u00fc parolalar kullan\u0131n.<\/li>\n<li>Verilere eri\u015fimleri yetkilendirin ve s\u0131n\u0131rlay\u0131n. Sadece ihtiyac\u0131n\u0131z olan portlar\u0131 y\u00f6nlendirin.<\/li>\n<li>Kulland\u0131\u011f\u0131n\u0131z uygulamalar\u0131n g\u00fcncelli\u011finden emin olun.<\/li>\n<li>T\u00fcm \u00e7al\u0131\u015fanlar\u0131n\u0131z\u0131, siber g\u00fcvenlik ve tehditler konusunda bilgilendirin.<\/li>\n<\/ul>\n\n\n\n<p><\/p>\n","protected":false},"excerpt":{"rendered":"<p>\u00a0 \u00a0 Bulut Yedekleme \u00c7\u00f6z\u00fcmleri Narbulut Backup Now ile t\u00fcm dosyalar\u0131n\u0131z\u0131 d\u00fczenli olarak yedekleyebilirsiniz.\u00a0 Logo \u00e7\u00f6z\u00fcm geli\u015ftirme i\u015f ortaklar\u0131ndan Narbulut\u2019un geli\u015ftirdi\u011fi Bulut Yedekleme \u00e7\u00f6z\u00fcm\u00fc ile dosyalar\u0131n\u0131z\u0131, maillerinizi, SQL veri tabanlar\u0131n\u0131z\u0131 g\u00fcvenle yedekleyebilirsiniz.\u00a0 Narbulut ilk g\u00f6nderimde verilerinizin tamam\u0131n\u0131 sonraki g\u00f6nderimlerde ise sadece de\u011fi\u015fen versiyonlar\u0131n\u0131 tutarak yedekler.\u00a0 Herhangi bir sebeple verilerinize ihtiyac\u0131n\u0131z oldu\u011funda, Narbulut sayesinde uygulama veya[&hellip;]<\/p>\n","protected":false},"author":1,"featured_media":0,"parent":0,"menu_order":0,"comment_status":"closed","ping_status":"closed","template":"","meta":{"zakra_general_container_width":0,"zakra_general_content_width":0,"zakra_general_sidebar_width":0,"zakra_sticky_header":"customizer","zakra_header_main_area":true,"zakra_site_logo_width":0,"zakra_header_top_enabled":"customizer","zakra_header_top_style":"customizer","zakra_primary_menu_item_style":"customizer","zakra_page_header_text_color":"","zakra_page_header_layout":"customizer","zakra_page_title_bg":"","zakra_footer_widgets_bg_image":0,"zakra_page_title_bg_repeat":"customizer","zakra_page_title_bg_position":"customizer","zakra_page_title_bg_size":"customizer","zakra_page_title_bg_attachment":"customizer","zakra_breadcrumbs_enabled":"customizer","zakra_breadcrumbs_text_color":"","zakra_breadcrumbs_separator_color":"","zakra_breadcrumbs_link_color":"","zakra_breadcrumbs_link_hover_color":"","zakra_page_title_bg_image":0,"zakra_footer_widgets_enabled":"customizer","zakra_footer_column_layout_1_style":"customizer","zakra_footer_widgets_bg":"","zakra_footer_widgets_bg_repeat":"customizer","zakra_footer_widgets_bg_position":"customizer","zakra_footer_widgets_bg_size":"customizer","zakra_footer_widgets_bg_attachment":"customizer","zakra_footer_bar_enabled":"customizer","zakra_footer_bar_style":"customizer","zakra_page_container_layout":"customizer","zakra_page_sidebar_layout":"customizer","zakra_remove_content_margin":false,"zakra_sidebar":"customizer","zakra_transparent_header":"customizer","zakra_logo":0,"zakra_main_header_style":"default","zakra_menu_item_color":"","zakra_menu_item_hover_color":"","zakra_menu_item_active_color":"","zakra_menu_active_style":"","zakra_page_header":true,"_uag_custom_page_level_css":"","footnotes":""},"class_list":["post-2033","page","type-page","status-publish","hentry"],"yoast_head":"<!-- This site is optimized with the Yoast SEO plugin v26.4 - https:\/\/yoast.com\/wordpress\/plugins\/seo\/ -->\n<title>Adana - Logo Destek Hizmetleri<\/title>\n<meta name=\"description\" content=\"Adana Logo bayi - e-Fatura, e-Ar\u015fiv Fatura, e-\u0130rsaliye, e-Defter \u00c7\u00f6z\u00fcmleri\u200e\" \/>\n<meta name=\"robots\" content=\"index, follow, max-snippet:-1, max-image-preview:large, max-video-preview:-1\" \/>\n<link rel=\"canonical\" href=\"https:\/\/7netbilisim.com\/index.php\/bulut-yedekleme\/\" \/>\n<meta property=\"og:locale\" content=\"tr_TR\" \/>\n<meta property=\"og:type\" content=\"article\" \/>\n<meta property=\"og:title\" content=\"Adana - Logo Destek Hizmetleri\" \/>\n<meta property=\"og:description\" content=\"Adana Logo bayi - e-Fatura, e-Ar\u015fiv Fatura, e-\u0130rsaliye, e-Defter \u00c7\u00f6z\u00fcmleri\u200e\" \/>\n<meta property=\"og:url\" content=\"https:\/\/7netbilisim.com\/index.php\/bulut-yedekleme\/\" \/>\n<meta property=\"article:modified_time\" content=\"2025-11-19T00:57:23+00:00\" \/>\n<meta property=\"og:image\" content=\"https:\/\/7netbilisim.com\/wp-content\/uploads\/2025\/11\/narbulut-veri-yedekleme.webp\" \/>\n\t<meta property=\"og:image:width\" content=\"512\" \/>\n\t<meta property=\"og:image:height\" content=\"140\" \/>\n\t<meta property=\"og:image:type\" content=\"image\/webp\" \/>\n<meta name=\"twitter:card\" content=\"summary_large_image\" \/>\n<meta name=\"twitter:label1\" content=\"Tahmini okuma s\u00fcresi\" \/>\n\t<meta name=\"twitter:data1\" content=\"2 dakika\" \/>\n<script type=\"application\/ld+json\" class=\"yoast-schema-graph\">{\"@context\":\"https:\/\/schema.org\",\"@graph\":[{\"@type\":\"WebPage\",\"@id\":\"https:\/\/7netbilisim.com\/index.php\/bulut-yedekleme\/\",\"url\":\"https:\/\/7netbilisim.com\/index.php\/bulut-yedekleme\/\",\"name\":\"Adana - Logo Destek Hizmetleri\",\"isPartOf\":{\"@id\":\"https:\/\/7netbilisim.com\/#website\"},\"primaryImageOfPage\":{\"@id\":\"https:\/\/7netbilisim.com\/index.php\/bulut-yedekleme\/#primaryimage\"},\"image\":{\"@id\":\"https:\/\/7netbilisim.com\/index.php\/bulut-yedekleme\/#primaryimage\"},\"thumbnailUrl\":\"https:\/\/7netbilisim.com\/wp-content\/uploads\/2025\/11\/narbulut-veri-yedekleme-300x82.webp\",\"datePublished\":\"2025-11-18T23:15:15+00:00\",\"dateModified\":\"2025-11-19T00:57:23+00:00\",\"description\":\"Adana Logo bayi - e-Fatura, e-Ar\u015fiv Fatura, e-\u0130rsaliye, e-Defter \u00c7\u00f6z\u00fcmleri\u200e\",\"breadcrumb\":{\"@id\":\"https:\/\/7netbilisim.com\/index.php\/bulut-yedekleme\/#breadcrumb\"},\"inLanguage\":\"tr\",\"potentialAction\":[{\"@type\":\"ReadAction\",\"target\":[\"https:\/\/7netbilisim.com\/index.php\/bulut-yedekleme\/\"]}]},{\"@type\":\"ImageObject\",\"inLanguage\":\"tr\",\"@id\":\"https:\/\/7netbilisim.com\/index.php\/bulut-yedekleme\/#primaryimage\",\"url\":\"https:\/\/7netbilisim.com\/wp-content\/uploads\/2025\/11\/narbulut-veri-yedekleme.webp\",\"contentUrl\":\"https:\/\/7netbilisim.com\/wp-content\/uploads\/2025\/11\/narbulut-veri-yedekleme.webp\",\"width\":512,\"height\":140},{\"@type\":\"BreadcrumbList\",\"@id\":\"https:\/\/7netbilisim.com\/index.php\/bulut-yedekleme\/#breadcrumb\",\"itemListElement\":[{\"@type\":\"ListItem\",\"position\":1,\"name\":\"Ana sayfa\",\"item\":\"https:\/\/7netbilisim.com\/\"},{\"@type\":\"ListItem\",\"position\":2,\"name\":\"Bulut Yedekleme\"}]},{\"@type\":\"WebSite\",\"@id\":\"https:\/\/7netbilisim.com\/#website\",\"url\":\"https:\/\/7netbilisim.com\/\",\"name\":\"\",\"description\":\"\",\"publisher\":{\"@id\":\"https:\/\/7netbilisim.com\/#organization\"},\"potentialAction\":[{\"@type\":\"SearchAction\",\"target\":{\"@type\":\"EntryPoint\",\"urlTemplate\":\"https:\/\/7netbilisim.com\/?s={search_term_string}\"},\"query-input\":{\"@type\":\"PropertyValueSpecification\",\"valueRequired\":true,\"valueName\":\"search_term_string\"}}],\"inLanguage\":\"tr\"},{\"@type\":\"Organization\",\"@id\":\"https:\/\/7netbilisim.com\/#organization\",\"name\":\"7NET Bili\u015fim Yaz\u0131l\u0131m ve Dan\u0131\u015fmanl\u0131k Hizmetleri\",\"url\":\"https:\/\/7netbilisim.com\/\",\"logo\":{\"@type\":\"ImageObject\",\"inLanguage\":\"tr\",\"@id\":\"https:\/\/7netbilisim.com\/#\/schema\/logo\/image\/\",\"url\":\"https:\/\/7netbilisim.com\/wp-content\/uploads\/2019\/10\/225.png\",\"contentUrl\":\"https:\/\/7netbilisim.com\/wp-content\/uploads\/2019\/10\/225.png\",\"width\":224,\"height\":48,\"caption\":\"7NET Bili\u015fim Yaz\u0131l\u0131m ve Dan\u0131\u015fmanl\u0131k Hizmetleri\"},\"image\":{\"@id\":\"https:\/\/7netbilisim.com\/#\/schema\/logo\/image\/\"}}]}<\/script>\n<!-- \/ Yoast SEO plugin. -->","yoast_head_json":{"title":"Adana - Logo Destek Hizmetleri","description":"Adana Logo bayi - e-Fatura, e-Ar\u015fiv Fatura, e-\u0130rsaliye, e-Defter \u00c7\u00f6z\u00fcmleri\u200e","robots":{"index":"index","follow":"follow","max-snippet":"max-snippet:-1","max-image-preview":"max-image-preview:large","max-video-preview":"max-video-preview:-1"},"canonical":"https:\/\/7netbilisim.com\/index.php\/bulut-yedekleme\/","og_locale":"tr_TR","og_type":"article","og_title":"Adana - Logo Destek Hizmetleri","og_description":"Adana Logo bayi - e-Fatura, e-Ar\u015fiv Fatura, e-\u0130rsaliye, e-Defter \u00c7\u00f6z\u00fcmleri\u200e","og_url":"https:\/\/7netbilisim.com\/index.php\/bulut-yedekleme\/","article_modified_time":"2025-11-19T00:57:23+00:00","og_image":[{"width":512,"height":140,"url":"https:\/\/7netbilisim.com\/wp-content\/uploads\/2025\/11\/narbulut-veri-yedekleme.webp","type":"image\/webp"}],"twitter_card":"summary_large_image","twitter_misc":{"Tahmini okuma s\u00fcresi":"2 dakika"},"schema":{"@context":"https:\/\/schema.org","@graph":[{"@type":"WebPage","@id":"https:\/\/7netbilisim.com\/index.php\/bulut-yedekleme\/","url":"https:\/\/7netbilisim.com\/index.php\/bulut-yedekleme\/","name":"Adana - Logo Destek Hizmetleri","isPartOf":{"@id":"https:\/\/7netbilisim.com\/#website"},"primaryImageOfPage":{"@id":"https:\/\/7netbilisim.com\/index.php\/bulut-yedekleme\/#primaryimage"},"image":{"@id":"https:\/\/7netbilisim.com\/index.php\/bulut-yedekleme\/#primaryimage"},"thumbnailUrl":"https:\/\/7netbilisim.com\/wp-content\/uploads\/2025\/11\/narbulut-veri-yedekleme-300x82.webp","datePublished":"2025-11-18T23:15:15+00:00","dateModified":"2025-11-19T00:57:23+00:00","description":"Adana Logo bayi - e-Fatura, e-Ar\u015fiv Fatura, e-\u0130rsaliye, e-Defter \u00c7\u00f6z\u00fcmleri\u200e","breadcrumb":{"@id":"https:\/\/7netbilisim.com\/index.php\/bulut-yedekleme\/#breadcrumb"},"inLanguage":"tr","potentialAction":[{"@type":"ReadAction","target":["https:\/\/7netbilisim.com\/index.php\/bulut-yedekleme\/"]}]},{"@type":"ImageObject","inLanguage":"tr","@id":"https:\/\/7netbilisim.com\/index.php\/bulut-yedekleme\/#primaryimage","url":"https:\/\/7netbilisim.com\/wp-content\/uploads\/2025\/11\/narbulut-veri-yedekleme.webp","contentUrl":"https:\/\/7netbilisim.com\/wp-content\/uploads\/2025\/11\/narbulut-veri-yedekleme.webp","width":512,"height":140},{"@type":"BreadcrumbList","@id":"https:\/\/7netbilisim.com\/index.php\/bulut-yedekleme\/#breadcrumb","itemListElement":[{"@type":"ListItem","position":1,"name":"Ana sayfa","item":"https:\/\/7netbilisim.com\/"},{"@type":"ListItem","position":2,"name":"Bulut Yedekleme"}]},{"@type":"WebSite","@id":"https:\/\/7netbilisim.com\/#website","url":"https:\/\/7netbilisim.com\/","name":"","description":"","publisher":{"@id":"https:\/\/7netbilisim.com\/#organization"},"potentialAction":[{"@type":"SearchAction","target":{"@type":"EntryPoint","urlTemplate":"https:\/\/7netbilisim.com\/?s={search_term_string}"},"query-input":{"@type":"PropertyValueSpecification","valueRequired":true,"valueName":"search_term_string"}}],"inLanguage":"tr"},{"@type":"Organization","@id":"https:\/\/7netbilisim.com\/#organization","name":"7NET Bili\u015fim Yaz\u0131l\u0131m ve Dan\u0131\u015fmanl\u0131k Hizmetleri","url":"https:\/\/7netbilisim.com\/","logo":{"@type":"ImageObject","inLanguage":"tr","@id":"https:\/\/7netbilisim.com\/#\/schema\/logo\/image\/","url":"https:\/\/7netbilisim.com\/wp-content\/uploads\/2019\/10\/225.png","contentUrl":"https:\/\/7netbilisim.com\/wp-content\/uploads\/2019\/10\/225.png","width":224,"height":48,"caption":"7NET Bili\u015fim Yaz\u0131l\u0131m ve Dan\u0131\u015fmanl\u0131k Hizmetleri"},"image":{"@id":"https:\/\/7netbilisim.com\/#\/schema\/logo\/image\/"}}]}},"uagb_featured_image_src":{"full":false,"thumbnail":false,"medium":false,"medium_large":false,"large":false,"1536x1536":false,"2048x2048":false,"zakra-thumb-size-one":false,"zakra-thumb-size-two":false},"uagb_author_info":{"display_name":"admin","author_link":"https:\/\/7netbilisim.com\/index.php\/author\/netyedi01\/"},"uagb_comment_info":0,"uagb_excerpt":"\u00a0 \u00a0 Bulut Yedekleme \u00c7\u00f6z\u00fcmleri Narbulut Backup Now ile t\u00fcm dosyalar\u0131n\u0131z\u0131 d\u00fczenli olarak yedekleyebilirsiniz.\u00a0 Logo \u00e7\u00f6z\u00fcm geli\u015ftirme i\u015f ortaklar\u0131ndan Narbulut\u2019un geli\u015ftirdi\u011fi Bulut Yedekleme \u00e7\u00f6z\u00fcm\u00fc ile dosyalar\u0131n\u0131z\u0131, maillerinizi, SQL veri tabanlar\u0131n\u0131z\u0131 g\u00fcvenle yedekleyebilirsiniz.\u00a0 Narbulut ilk g\u00f6nderimde verilerinizin tamam\u0131n\u0131 sonraki g\u00f6nderimlerde ise sadece de\u011fi\u015fen versiyonlar\u0131n\u0131 tutarak yedekler.\u00a0 Herhangi bir sebeple verilerinize ihtiyac\u0131n\u0131z oldu\u011funda, Narbulut sayesinde uygulama veya[&hellip;]","_links":{"self":[{"href":"https:\/\/7netbilisim.com\/index.php\/wp-json\/wp\/v2\/pages\/2033","targetHints":{"allow":["GET"]}}],"collection":[{"href":"https:\/\/7netbilisim.com\/index.php\/wp-json\/wp\/v2\/pages"}],"about":[{"href":"https:\/\/7netbilisim.com\/index.php\/wp-json\/wp\/v2\/types\/page"}],"author":[{"embeddable":true,"href":"https:\/\/7netbilisim.com\/index.php\/wp-json\/wp\/v2\/users\/1"}],"replies":[{"embeddable":true,"href":"https:\/\/7netbilisim.com\/index.php\/wp-json\/wp\/v2\/comments?post=2033"}],"version-history":[{"count":20,"href":"https:\/\/7netbilisim.com\/index.php\/wp-json\/wp\/v2\/pages\/2033\/revisions"}],"predecessor-version":[{"id":2077,"href":"https:\/\/7netbilisim.com\/index.php\/wp-json\/wp\/v2\/pages\/2033\/revisions\/2077"}],"wp:attachment":[{"href":"https:\/\/7netbilisim.com\/index.php\/wp-json\/wp\/v2\/media?parent=2033"}],"curies":[{"name":"wp","href":"https:\/\/api.w.org\/{rel}","templated":true}]}}