{"id":2065,"date":"2025-11-19T03:31:46","date_gmt":"2025-11-19T00:31:46","guid":{"rendered":"https:\/\/7netbilisim.com\/?page_id=2065"},"modified":"2025-11-22T12:12:41","modified_gmt":"2025-11-22T09:12:41","slug":"logo-erp-cozumleri","status":"publish","type":"page","link":"https:\/\/7netbilisim.com\/index.php\/logo-erp-cozumleri\/","title":{"rendered":"Logo Erp \u00c7\u00f6z\u00fcmleri"},"content":{"rendered":"\n<div class=\"wp-block-uagb-container uagb-block-xjvxxdus alignfull uagb-is-root-container\"><div class=\"uagb-container-inner-blocks-wrap\">\n<div class=\"wp-block-uagb-container uagb-block-v4koqycc\">\n<div class=\"wp-block-uagb-container uagb-block-x9w9ohfx\">\n<div class=\"wp-block-uagb-info-box uagb-block-v61ugozl uagb-infobox__content-wrap  uagb-infobox-icon-above-title uagb-infobox-image-valign-top\"><div class=\"uagb-ifb-content\"><div class=\"uagb-ifb-image-content\"><img decoding=\"async\" src=\"https:\/\/7netbilisim.com\/wp-content\/uploads\/2025\/11\/adana-logo-start-3-300x79.png\" alt=\"\" width=\"181\" height=\"47\" loading=\"lazy\"\/><\/div><div class=\"uagb-ifb-title-wrap\"><\/div><p class=\"uagb-ifb-desc\"><br>\u00d6n muhasebe program\u0131 Logo Start 3 ile t\u00fcm mikro i\u015fletmeler stok, maliyet, kasa, fatura, sipari\u015f, \u00f6deme ve tahsilat takibi, banka ve m\u00fc\u015fteri bilgilerinin y\u00f6netimi i\u015flemlerini tek noktadan yapabiliyor. Mikro ve k\u00fc\u00e7\u00fck \u00f6l\u00e7ekli i\u015fletmelere y\u00f6nelik yerle\u015fik bir \u00e7\u00f6z\u00fcmd\u00fcr.<\/p><\/div><\/div>\n<\/div>\n\n\n\n<div class=\"wp-block-uagb-container uagb-block-iionxrzh\">\n<div class=\"wp-block-uagb-info-box uagb-block-dbuzcpp6 uagb-infobox__content-wrap  uagb-infobox-icon-above-title uagb-infobox-image-valign-top\"><div class=\"uagb-ifb-content\"><div class=\"uagb-ifb-image-content\"><img decoding=\"async\" src=\"https:\/\/7netbilisim.com\/wp-content\/uploads\/2025\/11\/adana-logo-go-wings-300x77.png\" alt=\"\" width=\"213\" height=\"54\" loading=\"lazy\"\/><\/div><div class=\"uagb-ifb-title-wrap\"><\/div><p class=\"uagb-ifb-desc\"><br>Logo\u2019nun teknolojik bilgi birikimi ile inovasyon yetene\u011fini bir araya getirerek geli\u015ftirdi\u011fi web \u00fczerinden kullan\u0131labilen Logo GO Wings ile, KOB\u0130\u2019lerin sipari\u015ften muhasebeye kadar uzanan i\u015f s\u00fcre\u00e7leri her an her yerden anl\u0131k olarak y\u00f6netiliyor..<\/p><\/div><\/div>\n<\/div>\n\n\n\n<div class=\"wp-block-uagb-container uagb-block-v3snowpt\">\n<div class=\"wp-block-uagb-info-box uagb-block-ix6c1ggx uagb-infobox__content-wrap  uagb-infobox-icon-above-title uagb-infobox-image-valign-top\"><div class=\"uagb-ifb-content\"><div class=\"uagb-ifb-image-content\"><img decoding=\"async\" src=\"https:\/\/7netbilisim.com\/wp-content\/uploads\/2025\/11\/adana-logo-tiger-3-300x85.png\" alt=\"\" width=\"175\" height=\"49\" loading=\"lazy\"\/><\/div><div class=\"uagb-ifb-title-wrap\"><\/div><p class=\"uagb-ifb-desc\"><br>Orta ve b\u00fcy\u00fck \u00f6l\u00e7ekli i\u015fletmelerin ihtiya\u00e7lar\u0131 do\u011frultusunda tasarlanan Logo Tiger 3, veri y\u00f6netiminden sat\u0131\u015f operasyonlar\u0131na kadar t\u00fcm i\u015f s\u00fcre\u00e7lerini verimli ve etkin \u015fekilde y\u00f6neterek zaman ve maliyet tasarrufu sa\u011fl\u0131yor.<\/p><\/div><\/div>\n<\/div>\n<\/div>\n\n\n\n<div class=\"wp-block-uagb-container uagb-block-e1313fa2\">\n<div class=\"wp-block-uagb-container uagb-block-3eb8da84\">\n<div class=\"wp-block-uagb-info-box uagb-block-b6323c5a uagb-infobox__content-wrap  uagb-infobox-icon-above-title uagb-infobox-image-valign-top\"><div class=\"uagb-ifb-content\"><div class=\"uagb-ifb-image-content\"><img decoding=\"async\" src=\"https:\/\/7netbilisim.com\/wp-content\/uploads\/2025\/11\/adana-logo-netsis-wings-entegre-300x44.png\" alt=\"\" width=\"302\" height=\"44\" loading=\"lazy\"\/><\/div><div class=\"uagb-ifb-title-wrap\"><\/div><p class=\"uagb-ifb-desc\"><br>Logo\u2019nun teknolojik bilgi birikimi ile inovasyon yetene\u011fini bir araya getirerek geli\u015ftirdi\u011fi web \u00fczerinden kullan\u0131labilen Logo Netsis Wings Entegre ile KOB\u0130&#8217;ler \u00fcretimden sipari\u015fe, muhasebe kay\u0131tlar\u0131ndan banka verilerine kadar t\u00fcm i\u015f s\u00fcre\u00e7lerini her an her yerden anl\u0131k bir \u015fekilde y\u00f6netiyor.<\/p><\/div><\/div>\n<\/div>\n\n\n\n<div class=\"wp-block-uagb-container uagb-block-d953b3b2\"><div class=\"uagb-container__video-wrap\"><\/div>\n<div class=\"wp-block-uagb-info-box uagb-block-4fbd9177 uagb-infobox__content-wrap  uagb-infobox-icon-above-title uagb-infobox-image-valign-top\"><div class=\"uagb-ifb-content\"><div class=\"uagb-ifb-image-content\"><img decoding=\"async\" src=\"https:\/\/7netbilisim.com\/wp-content\/uploads\/2025\/11\/adana-logo-netsis-3-standard-300x44.jpeg\" alt=\"\" width=\"280\" height=\"41\" loading=\"lazy\"\/><\/div><div class=\"uagb-ifb-title-wrap\"><\/div><p class=\"uagb-ifb-desc\"><br>Orta \u00f6l\u00e7ekli i\u015fletmelerde finans-muhasebe, \u00fcretim, tedarik zinciri, sat\u0131\u015f, stok gibi uygulamalar\u0131n merkezi y\u00f6netimi i\u00e7in geli\u015ftirilen Logo Netsis 3 Standard, \u00f6l\u00e7eklendirilebilir yap\u0131s\u0131yla, zaman i\u00e7inde de\u011fi\u015fen gereksinimlere de kolayca uyum sa\u011fl\u0131yor.<\/p><\/div><\/div>\n<\/div>\n\n\n\n<div class=\"wp-block-uagb-container uagb-block-8177b3c9\">\n<div class=\"wp-block-uagb-info-box uagb-block-8afe5ec0 uagb-infobox__content-wrap  uagb-infobox-icon-above-title uagb-infobox-image-valign-top\"><div class=\"uagb-ifb-content\"><div class=\"uagb-ifb-image-content\"><img decoding=\"async\" src=\"https:\/\/7netbilisim.com\/wp-content\/uploads\/2025\/11\/adana-logo-netsis-3-enterprise-300x38.png\" alt=\"\" width=\"286\" height=\"36\" loading=\"lazy\"\/><\/div><div class=\"uagb-ifb-title-wrap\"><\/div><p class=\"uagb-ifb-desc\"><br>Zengin i\u015f fonksiyonlar\u0131na sahip kurumsal ERP \u00fcr\u00fcn\u00fc Logo Netsis 3 Enterprise; b\u00fcy\u00fck \u00f6l\u00e7ekli i\u015fletmelerin, holdinglerin, karma\u015f\u0131k \u00fcretim ve ayr\u0131nt\u0131l\u0131 planlama s\u00fcre\u00e7leri y\u00fcr\u00fcten sanayi i\u015fletmelerinin ihtiya\u00e7lar\u0131na uygun kapsaml\u0131 \u00e7\u00f6z\u00fcmler sunarak i\u015fletmelerin verimlili\u011fini destekliyor.<\/p><\/div><\/div>\n<\/div>\n<\/div>\n<\/div><\/div>\n\n\n\n<script type=\"text\/javascript\">\r\nwindow.$alpemixweb ||( window.$alpemixweb=function()\r\n{\r\n  var e = document.createElement( \"script\" );\r\n  var Departman = \"\";\r\n  var Param1 = \"\";\r\n  var Param2 = \"\";\r\n  e.type=\"text\/javascript\", e.src='https:\/\/www.alpemix.com\/webc\/js\/index.js?FirmaAdi=ERPMUHASEBE&Departman='+ Departman + '&Param1=' + Param1 + '&Param2=' + Param2 + '&t=' + new Date(), e.async=!0;\r\n  var h = document.getElementsByTagName( \"head\" )[0];\r\n  h.insertBefore( e,h.firstChild )\r\n} )();\r\n<\/script>\n","protected":false},"excerpt":{"rendered":"","protected":false},"author":1,"featured_media":0,"parent":0,"menu_order":0,"comment_status":"closed","ping_status":"closed","template":"","meta":{"zakra_general_container_width":0,"zakra_general_content_width":0,"zakra_general_sidebar_width":0,"zakra_sticky_header":"customizer","zakra_header_main_area":true,"zakra_site_logo_width":0,"zakra_header_top_enabled":"customizer","zakra_header_top_style":"customizer","zakra_primary_menu_item_style":"customizer","zakra_page_header_text_color":"","zakra_page_header_layout":"customizer","zakra_page_title_bg":"","zakra_footer_widgets_bg_image":0,"zakra_page_title_bg_repeat":"customizer","zakra_page_title_bg_position":"customizer","zakra_page_title_bg_size":"customizer","zakra_page_title_bg_attachment":"customizer","zakra_breadcrumbs_enabled":"customizer","zakra_breadcrumbs_text_color":"","zakra_breadcrumbs_separator_color":"","zakra_breadcrumbs_link_color":"","zakra_breadcrumbs_link_hover_color":"","zakra_page_title_bg_image":0,"zakra_footer_widgets_enabled":"customizer","zakra_footer_column_layout_1_style":"customizer","zakra_footer_widgets_bg":"","zakra_footer_widgets_bg_repeat":"customizer","zakra_footer_widgets_bg_position":"customizer","zakra_footer_widgets_bg_size":"customizer","zakra_footer_widgets_bg_attachment":"customizer","zakra_footer_bar_enabled":"customizer","zakra_footer_bar_style":"customizer","zakra_page_container_layout":"customizer","zakra_page_sidebar_layout":"customizer","zakra_remove_content_margin":false,"zakra_sidebar":"customizer","zakra_transparent_header":"customizer","zakra_logo":0,"zakra_main_header_style":"default","zakra_menu_item_color":"","zakra_menu_item_hover_color":"","zakra_menu_item_active_color":"","zakra_menu_active_style":"","zakra_page_header":true,"_uag_custom_page_level_css":"","footnotes":""},"class_list":["post-2065","page","type-page","status-publish","hentry"],"yoast_head":"<!-- This site is optimized with the Yoast SEO plugin v26.4 - https:\/\/yoast.com\/wordpress\/plugins\/seo\/ -->\n<title>Adana - Logo Destek Hizmetleri<\/title>\n<meta name=\"description\" content=\"Adana Logo bayi - e-Fatura, e-Ar\u015fiv Fatura, e-\u0130rsaliye, e-Defter \u00c7\u00f6z\u00fcmleri\u200e\" \/>\n<meta name=\"robots\" content=\"index, follow, max-snippet:-1, max-image-preview:large, max-video-preview:-1\" \/>\n<link rel=\"canonical\" href=\"https:\/\/7netbilisim.com\/index.php\/logo-erp-cozumleri\/\" \/>\n<meta property=\"og:locale\" content=\"tr_TR\" \/>\n<meta property=\"og:type\" content=\"article\" \/>\n<meta property=\"og:title\" content=\"Adana - Logo Destek Hizmetleri\" \/>\n<meta property=\"og:description\" content=\"Adana Logo bayi - e-Fatura, e-Ar\u015fiv Fatura, e-\u0130rsaliye, e-Defter \u00c7\u00f6z\u00fcmleri\u200e\" \/>\n<meta property=\"og:url\" content=\"https:\/\/7netbilisim.com\/index.php\/logo-erp-cozumleri\/\" \/>\n<meta property=\"article:modified_time\" content=\"2025-11-22T09:12:41+00:00\" \/>\n<meta property=\"og:image\" content=\"https:\/\/7netbilisim.com\/wp-content\/uploads\/2025\/11\/adana-logo-start-3-300x79.png\" \/>\n<meta name=\"twitter:card\" content=\"summary_large_image\" \/>\n<meta name=\"twitter:label1\" content=\"Tahmini okuma s\u00fcresi\" \/>\n\t<meta name=\"twitter:data1\" content=\"3 dakika\" \/>\n<script type=\"application\/ld+json\" class=\"yoast-schema-graph\">{\"@context\":\"https:\/\/schema.org\",\"@graph\":[{\"@type\":\"WebPage\",\"@id\":\"https:\/\/7netbilisim.com\/index.php\/logo-erp-cozumleri\/\",\"url\":\"https:\/\/7netbilisim.com\/index.php\/logo-erp-cozumleri\/\",\"name\":\"Adana - Logo Destek Hizmetleri\",\"isPartOf\":{\"@id\":\"https:\/\/7netbilisim.com\/#website\"},\"primaryImageOfPage\":{\"@id\":\"https:\/\/7netbilisim.com\/index.php\/logo-erp-cozumleri\/#primaryimage\"},\"image\":{\"@id\":\"https:\/\/7netbilisim.com\/index.php\/logo-erp-cozumleri\/#primaryimage\"},\"thumbnailUrl\":\"https:\/\/7netbilisim.com\/wp-content\/uploads\/2025\/11\/adana-logo-start-3-300x79.png\",\"datePublished\":\"2025-11-19T00:31:46+00:00\",\"dateModified\":\"2025-11-22T09:12:41+00:00\",\"description\":\"Adana Logo bayi - e-Fatura, e-Ar\u015fiv Fatura, e-\u0130rsaliye, e-Defter \u00c7\u00f6z\u00fcmleri\u200e\",\"breadcrumb\":{\"@id\":\"https:\/\/7netbilisim.com\/index.php\/logo-erp-cozumleri\/#breadcrumb\"},\"inLanguage\":\"tr\",\"potentialAction\":[{\"@type\":\"ReadAction\",\"target\":[\"https:\/\/7netbilisim.com\/index.php\/logo-erp-cozumleri\/\"]}]},{\"@type\":\"ImageObject\",\"inLanguage\":\"tr\",\"@id\":\"https:\/\/7netbilisim.com\/index.php\/logo-erp-cozumleri\/#primaryimage\",\"url\":\"https:\/\/7netbilisim.com\/wp-content\/uploads\/2025\/11\/adana-logo-start-3.png\",\"contentUrl\":\"https:\/\/7netbilisim.com\/wp-content\/uploads\/2025\/11\/adana-logo-start-3.png\",\"width\":439,\"height\":115},{\"@type\":\"BreadcrumbList\",\"@id\":\"https:\/\/7netbilisim.com\/index.php\/logo-erp-cozumleri\/#breadcrumb\",\"itemListElement\":[{\"@type\":\"ListItem\",\"position\":1,\"name\":\"Ana sayfa\",\"item\":\"https:\/\/7netbilisim.com\/\"},{\"@type\":\"ListItem\",\"position\":2,\"name\":\"Logo Erp \u00c7\u00f6z\u00fcmleri\"}]},{\"@type\":\"WebSite\",\"@id\":\"https:\/\/7netbilisim.com\/#website\",\"url\":\"https:\/\/7netbilisim.com\/\",\"name\":\"\",\"description\":\"\",\"publisher\":{\"@id\":\"https:\/\/7netbilisim.com\/#organization\"},\"potentialAction\":[{\"@type\":\"SearchAction\",\"target\":{\"@type\":\"EntryPoint\",\"urlTemplate\":\"https:\/\/7netbilisim.com\/?s={search_term_string}\"},\"query-input\":{\"@type\":\"PropertyValueSpecification\",\"valueRequired\":true,\"valueName\":\"search_term_string\"}}],\"inLanguage\":\"tr\"},{\"@type\":\"Organization\",\"@id\":\"https:\/\/7netbilisim.com\/#organization\",\"name\":\"7NET Bili\u015fim Yaz\u0131l\u0131m ve Dan\u0131\u015fmanl\u0131k Hizmetleri\",\"url\":\"https:\/\/7netbilisim.com\/\",\"logo\":{\"@type\":\"ImageObject\",\"inLanguage\":\"tr\",\"@id\":\"https:\/\/7netbilisim.com\/#\/schema\/logo\/image\/\",\"url\":\"https:\/\/7netbilisim.com\/wp-content\/uploads\/2019\/10\/225.png\",\"contentUrl\":\"https:\/\/7netbilisim.com\/wp-content\/uploads\/2019\/10\/225.png\",\"width\":224,\"height\":48,\"caption\":\"7NET Bili\u015fim Yaz\u0131l\u0131m ve Dan\u0131\u015fmanl\u0131k Hizmetleri\"},\"image\":{\"@id\":\"https:\/\/7netbilisim.com\/#\/schema\/logo\/image\/\"}}]}<\/script>\n<!-- \/ Yoast SEO plugin. -->","yoast_head_json":{"title":"Adana - Logo Destek Hizmetleri","description":"Adana Logo bayi - e-Fatura, e-Ar\u015fiv Fatura, e-\u0130rsaliye, e-Defter \u00c7\u00f6z\u00fcmleri\u200e","robots":{"index":"index","follow":"follow","max-snippet":"max-snippet:-1","max-image-preview":"max-image-preview:large","max-video-preview":"max-video-preview:-1"},"canonical":"https:\/\/7netbilisim.com\/index.php\/logo-erp-cozumleri\/","og_locale":"tr_TR","og_type":"article","og_title":"Adana - Logo Destek Hizmetleri","og_description":"Adana Logo bayi - e-Fatura, e-Ar\u015fiv Fatura, e-\u0130rsaliye, e-Defter \u00c7\u00f6z\u00fcmleri\u200e","og_url":"https:\/\/7netbilisim.com\/index.php\/logo-erp-cozumleri\/","article_modified_time":"2025-11-22T09:12:41+00:00","og_image":[{"url":"https:\/\/7netbilisim.com\/wp-content\/uploads\/2025\/11\/adana-logo-start-3-300x79.png","type":"","width":"","height":""}],"twitter_card":"summary_large_image","twitter_misc":{"Tahmini okuma s\u00fcresi":"3 dakika"},"schema":{"@context":"https:\/\/schema.org","@graph":[{"@type":"WebPage","@id":"https:\/\/7netbilisim.com\/index.php\/logo-erp-cozumleri\/","url":"https:\/\/7netbilisim.com\/index.php\/logo-erp-cozumleri\/","name":"Adana - Logo Destek Hizmetleri","isPartOf":{"@id":"https:\/\/7netbilisim.com\/#website"},"primaryImageOfPage":{"@id":"https:\/\/7netbilisim.com\/index.php\/logo-erp-cozumleri\/#primaryimage"},"image":{"@id":"https:\/\/7netbilisim.com\/index.php\/logo-erp-cozumleri\/#primaryimage"},"thumbnailUrl":"https:\/\/7netbilisim.com\/wp-content\/uploads\/2025\/11\/adana-logo-start-3-300x79.png","datePublished":"2025-11-19T00:31:46+00:00","dateModified":"2025-11-22T09:12:41+00:00","description":"Adana Logo bayi - e-Fatura, e-Ar\u015fiv Fatura, e-\u0130rsaliye, e-Defter \u00c7\u00f6z\u00fcmleri\u200e","breadcrumb":{"@id":"https:\/\/7netbilisim.com\/index.php\/logo-erp-cozumleri\/#breadcrumb"},"inLanguage":"tr","potentialAction":[{"@type":"ReadAction","target":["https:\/\/7netbilisim.com\/index.php\/logo-erp-cozumleri\/"]}]},{"@type":"ImageObject","inLanguage":"tr","@id":"https:\/\/7netbilisim.com\/index.php\/logo-erp-cozumleri\/#primaryimage","url":"https:\/\/7netbilisim.com\/wp-content\/uploads\/2025\/11\/adana-logo-start-3.png","contentUrl":"https:\/\/7netbilisim.com\/wp-content\/uploads\/2025\/11\/adana-logo-start-3.png","width":439,"height":115},{"@type":"BreadcrumbList","@id":"https:\/\/7netbilisim.com\/index.php\/logo-erp-cozumleri\/#breadcrumb","itemListElement":[{"@type":"ListItem","position":1,"name":"Ana sayfa","item":"https:\/\/7netbilisim.com\/"},{"@type":"ListItem","position":2,"name":"Logo Erp \u00c7\u00f6z\u00fcmleri"}]},{"@type":"WebSite","@id":"https:\/\/7netbilisim.com\/#website","url":"https:\/\/7netbilisim.com\/","name":"","description":"","publisher":{"@id":"https:\/\/7netbilisim.com\/#organization"},"potentialAction":[{"@type":"SearchAction","target":{"@type":"EntryPoint","urlTemplate":"https:\/\/7netbilisim.com\/?s={search_term_string}"},"query-input":{"@type":"PropertyValueSpecification","valueRequired":true,"valueName":"search_term_string"}}],"inLanguage":"tr"},{"@type":"Organization","@id":"https:\/\/7netbilisim.com\/#organization","name":"7NET Bili\u015fim Yaz\u0131l\u0131m ve Dan\u0131\u015fmanl\u0131k Hizmetleri","url":"https:\/\/7netbilisim.com\/","logo":{"@type":"ImageObject","inLanguage":"tr","@id":"https:\/\/7netbilisim.com\/#\/schema\/logo\/image\/","url":"https:\/\/7netbilisim.com\/wp-content\/uploads\/2019\/10\/225.png","contentUrl":"https:\/\/7netbilisim.com\/wp-content\/uploads\/2019\/10\/225.png","width":224,"height":48,"caption":"7NET Bili\u015fim Yaz\u0131l\u0131m ve Dan\u0131\u015fmanl\u0131k Hizmetleri"},"image":{"@id":"https:\/\/7netbilisim.com\/#\/schema\/logo\/image\/"}}]}},"uagb_featured_image_src":{"full":false,"thumbnail":false,"medium":false,"medium_large":false,"large":false,"1536x1536":false,"2048x2048":false,"zakra-thumb-size-one":false,"zakra-thumb-size-two":false},"uagb_author_info":{"display_name":"admin","author_link":"https:\/\/7netbilisim.com\/index.php\/author\/netyedi01\/"},"uagb_comment_info":0,"uagb_excerpt":null,"_links":{"self":[{"href":"https:\/\/7netbilisim.com\/index.php\/wp-json\/wp\/v2\/pages\/2065","targetHints":{"allow":["GET"]}}],"collection":[{"href":"https:\/\/7netbilisim.com\/index.php\/wp-json\/wp\/v2\/pages"}],"about":[{"href":"https:\/\/7netbilisim.com\/index.php\/wp-json\/wp\/v2\/types\/page"}],"author":[{"embeddable":true,"href":"https:\/\/7netbilisim.com\/index.php\/wp-json\/wp\/v2\/users\/1"}],"replies":[{"embeddable":true,"href":"https:\/\/7netbilisim.com\/index.php\/wp-json\/wp\/v2\/comments?post=2065"}],"version-history":[{"count":13,"href":"https:\/\/7netbilisim.com\/index.php\/wp-json\/wp\/v2\/pages\/2065\/revisions"}],"predecessor-version":[{"id":2124,"href":"https:\/\/7netbilisim.com\/index.php\/wp-json\/wp\/v2\/pages\/2065\/revisions\/2124"}],"wp:attachment":[{"href":"https:\/\/7netbilisim.com\/index.php\/wp-json\/wp\/v2\/media?parent=2065"}],"curies":[{"name":"wp","href":"https:\/\/api.w.org\/{rel}","templated":true}]}}